10.
6460
What is 7ba4 (base 13) in base 12?
a078
2b (base 16) to base 7
61
Convert -1323 (base 6) to base 8.
-523
What is -12202 (base 5) in base 6?
-4143
What is 604 (base 8) in base 13?
23b
Convert -221011101 (base 3) to base 5.
-1041333
Convert -341 (base 14) to base 10.
-645
What is -21010212 (base 4) in base 13?
-13bb4
-101000000001 (base 2) to base 9
-3455
What is 220 (base 12) in base 10?
312
Convert -10000011 (base 2) to base 4.
-2003
What is 333 (base 13) in base 9?
670
Convert -113c (base 16) to base 3.
-20001102
b5 (base 14) to base 15
a9
18b3 (base 15) to base 4
1103133
-24221 (base 5) to base 13
-a94
What is -1351 (base 6) in base 10?
-355
Convert -717 (base 16) to base 3.
-2111020
e1 (base 16) to base 3
22100
What is -55a1 (base 14) in base 8?
-34771
What is 13072 (base 14) in base 16?
b69c
Convert -1115 (base 10) to base 3.
-1112022
What is 1142 (base 6) in base 2?
100010110
33130 (base 4) to base 11
819
What is -61453 (base 7) in base 3?
-202112221
What is -489 (base 11) in base 4?
-21011
-20057 (base 9) to base 6
-140554
What is -715 (base 12) in base 6?
-4425
What is -110010101011 (base 2) in base 10?
-3243
-201101 (base 3) to base 15
-24d
-1110111100101 (base 2) to base 7
-31212
-3003031 (base 4) to base 9
-18121
1000012 (base 3) to base 8
1336
Convert -919 (base 10) to base 12.
-647
Convert -ec7 (base 15) to base 6.
-23241
-202 (base 3) to base 4
-110
Convert 1001100101100 (base 2) to base 13.
2307
Convert 20c (base 16) to base 15.
24e
b78 (base 12) to base 5
23201
What is 32495 (base 11) in base 3?
2101201011
Convert 29c (base 16) to base 7.
1643
What is -3a0c (base 14) in base 12?
-5aa4
Convert 359 (base 11) to base 10.
427
-69d (base 14) to base 12
-917
What is 9246 (base 10) in base 15?
2b16
Convert -9b4a (base 14) to base 3.
-1100220222
What is -20 (base 16) in base 8?
-40
-1110001111 (base 2) to base 4
-32033
What is 24d7 (base 16) in base 5?
300211
Convert -23320 (base 4) to base 9.
-1034
What is 1133122 (base 4) in base 11?
4651
Convert 1355 (base 6) to base 4.
11213
What is -4434 (base 6) in base 15?
-48a
What is 1174 (base 11) in base 5?
22113
What is -1adc (base 16) in base 10?
-6876
Convert -187 (base 13) to base 14.
-160
Convert 14 (base 5) to base 11.
9
58a (base 13) to base 6
4235
What is -33211 (base 4) in base 8?
-1745
Convert -6873 (base 9) to base 4.
-1033200
What is 8325 (base 14) in base 13?
a375
1000110 (base 2) to base 6
154
What is -1314441 (base 5) in base 11?
-187a0
What is 3621 (base 9) in base 16?
a84
What is 56b7 (base 15) in base 13?
84b2
What is -1232141 (base 5) in base 2?
-101110111101110
21136 (base 8) to base 15
2918
-101222011 (base 3) to base 5
-223441
Convert -1202121 (base 4) to base 10.
-6297
Convert -8337 (base 9) to base 5.
-143414
-2211 (base 6) to base 10
-511
What is 113 (base 5) in base 14?
25
Convert 545 (base 10) to base 4.
20201
23010 (base 6) to base 5
100441
What is 1504 (base 7) in base 5?
4332
What is -326c (base 14) in base 9?
-12858
1576 (base 8) to base 11
743
Convert 393d (base 15) to base 8.
27660
What is -a077 (base 11) in base 9?
-20332
-1000101001000101 (base 2) to base 15
-a74c
Convert 4365 (base 12) to base 7.
30431
Convert 11010122 (base 3) to base 16.
bc6
Convert 31002 (base 6) to base 13.
1b3b
Convert 44320 (base 5) to base 7.
11665
Convert 1200303 (base 4) to base 9.
8443
-230102 (base 4) to base 5
-42314
What is 5555 (base 6) in base 2?
10100001111
What is -7056 (base 12) in base 4?
-2332002
Convert 730 (base 13) to base 12.
85a
-10000000100 (base 2) to base 11
-855
What is -3c8 (base 15) in base 10?
-863
What is -2132 (base 7) in base 2?
-1011110110
-b5c (base 16) to base 3
-10222201
What is 425 (base 6) in base 14?
b7
Convert -308 (base 16) to base 6.
-3332
53a (base 11) to base 6
3000
3616 (base 8) to base 4
132032
What is a (base 12) in base 8?
12
Convert 6165 (base 9) to base 6.
32522
What is -10240 (base 5) in base 12?
-49b
What is 220002 (base 3) in base 12?
462
-1654 (base 7) to base 11
-565
-2346 (base 9) to base 16
-6cf
Convert 5b2b (base 15) to base 8.
45677
-7369 (base 13) to base 10
-15973
14103 (base 5) to base 14
5c5
What is 4315 (base 7) in base 14?
7b5
What is 773 (base 13) in base 11?
a61
Convert -2522 (base 9) to base 15.
-858
34222 (base 9) to base 12
11225
What is -873 (base 12) in base 11?
-a27
-4432 (base 12) to base 9
-11282
What is 1460 (base 8) in base 3?
1010020
Convert 14652 (base 12) to base 11.
1a517
206e (base 16) to base 5
231202
Convert -2003 (base 4) to base 7.
-245
What is -9139 (base 10) in base 8?
-21663
What is -1921 (base 10) in base 11?
-1497
What is 1010212 (base 3) in base 14?
437
2218 (base 10) to base 12
134a
Convert 2076 (base 9) to base 8.
2767
What is -1110000101100011 (base 2) in base 9?
-87130
What is 43 (base 14) in base 4?
323
Convert 1000101011001011 (base 2) to base 15.
a7db
What is -1111101001010 (base 2) in base 5?
-224020
Convert -9c5 (base 13) to base 5.
-23212
-36 (base 7) to base 11
-25
-1356 (base 11) to base 7
-5055
-1b2 (base 14) to base 2
-101100000
120 (base 15) to base 3
100110
Convert -12360 (base 10) to base 9.
-17853
Convert -42343 (base 7) to base 12.
-6084
Convert 427 (base 14) to base 16.
333
Convert 10634 (base 7) to base 11.
2053
What is -2114 (base 11) in base 8?
-5356
1571 (base 9) to base 13
712
Convert 7b7 (base 13) to base 2.
10100110101
1700 (base 8) to base 14
4c8
Convert 349 (base 11) to base 3.
120102
4779 (base 10) to base 11
3655
Convert -6cc (base 14) to base 13.
-804
What is 45 (base 11) in base 6?
121
Convert -2422 (base 9) to base 6.
-12202
What is -287 (base 11) in base 6?
-1321
Convert 33 (base 12) to base 13.
30
3b (base 16) to base 8
73
Convert 1101101 (base 3) to base 15.
474
Convert 6477 (base 9) to base 14.
1a48
Convert -62 (base 11) to base 12.
-58
-101100111001 (base 2) to base 10
-2873
-1100110010101 (base 2) to base 15
-1e19
-3753 (base 9) to base 3
-10211210
Convert 212212002 (base 3) to base 10.
17390
1045 (base 9) to base 2
1100000010
What is -665 (base 10) in base 14?
-357
Convert 101010010 (base 2) to base 10.
338
20121100 (base 3) to base 13
2265
-11d37 (base 14) to base 2
-1010101011101101
What is -3444 (base 6) in base 8?
-1464
Convert 201011 (base 3) to base 11.
430
11233 (base 4) to base 16
16f
Convert -4131 (base 7) to base 11.
-10a2
Convert -108c6 (base 15) to base 12.
-26543
What is -140105 (base 6) in base 16?
-32c9
What is -186 (base 15) in base 3?
-111000
What is 3a97 (base 13) in base 15?
2755
9142 (base 13) to base 2
100111000011100
1abb (base 16) to base 6
51403
648 (base 11) to base 6
3334
-415b (base 13) to base 4
-2031021
What is -86c (base 15) in base 4?
-131232
What is -32216 (base 9) in base 8?
-51506
-9 (base 12) to base 3
-100
1385 (base 11) to base 6
12135
What is 1001000120 (base 3) in base 9?
31016
Convert 445 (base 6) to base 9.
212
Convert -20201 (base 3) to base 8.
-265
Convert 1011010110 (base 2) to base 11.
600
Convert 30 (base 9) to base 15.
1c
Convert -5053 (base 6) to base 3.
-1112020
Convert -23 (base 8) to base 7.
-25
1401 (base 13) to base 10
2874
Convert -185 (base 14) to base 9.
-377
-20001 (base 6) to base 4
-220201
2022 (base 3) to base 6
142
5109 (base 13) to base 6
123403
Convert -210012 (base 3) to base 2.
-1000111100
What is -e1 (base 15) in base 9?
-254
-5532 (base 8) to base 2
-101101011010
Convert -3472 (base 10) to base 15.
-1067
-ba0 (base 12) to base 4
-122220
Convert 355 (base 9) to base 10.
293
322500 (base 6) to base 9
40350
Convert 1592 (base 10) to base 7.
4433
What is 9033 (base 15) in base 6?
352503
What is -392 (base 13) in base 2?
-1001110010
What is 184 (base 9) in base 13?
c1
Convert -203110 (base 4) to base 13.
-104b
1000100111101 (base 2) to base 3
20001110
What is -622 (base 8) in base 10?
-402
-3154 (base 9) to base 7
-6520
Convert 10012001 (base 3) to base 6.
14431
17593 (base 10) to base 3
220010121
Convert 3524 (base 6) to base 3.
1011021
Convert -424c (base 15) to base 12.
-8146
What is -3133001 (base 4) in base 9?
-21518
What is -e4 (base 15) in base 4?
-3112
-232 (base 13) to base 9
-461
What is -58a3 (base 13) in base 5?
-344340
What is -1261 (base 11) in base 10?
-1640
What is -6 (base 10) in base 6?
-10
Convert -35c (base 13) to base 10.
-584
Convert 955 (base 12) to base 11.
1